14. What is the units digit of c?
2
Let f = -3 - -5. Suppose 0 = -6*c + f*c + 8. What is the units digit of c?
2
Suppose 0 = t + 7 - 59. What is the tens digit of t?
5
Let o = -1 - 0. Let d(b) = -12*b. Let i be d(o). Let k = 0 + i. What is the tens digit of k?
1
What is the units digit of 0*4/(-8) + 39 - -3?
2
Suppose 4*l = 4*o - 4, 0 = 6*l - l + 3*o - 3. Suppose -2*d - d - 42 = l. What is the tens digit of (d*(-1)/(-1))/(-1)?
1
Let h be (-159)/(-9) - (-6)/(-9). Suppose 2*r - 3*s = h, 6*r = 4*r + 5*s + 15. What is the units digit of r?
0
What is the units digit of (-5 - 4)*(-1 - 0)?
9
Let x be (40/(-50))/((-2)/(-30)). What is the units digit of 29 + -1 - (13 + x)?
7
Suppose 22 = 2*y - 2. What is the units digit of y?
2
Suppose 0*a - 2*w = -a + 77, -5*a + 5*w + 395 = 0. What is the units digit of a?
1
What is the tens digit of 791/14 + (-2)/4?
5
Suppose 2*v - 3 = 1. Suppose 2*r + 6 = -5*a, v*r = a + 1 + 5. Let z = a + 10. What is the units digit of z?
8
Let c(f) = -f**2 + 6*f - 7. Let r(g) = -g**2 - 7*g + 5. Let i be r(-7). Let b be c(i). What is the units digit of b/(-1*(4 + -2))?
1
Let j = 6 - 3. Suppose j*k - 12 = -2*q - q, -7 = 2*q - k. What is the units digit of -3*(q + 4)/(-9)?
1
Let y(f) = f**3 - f**2. Let r be y(2). Suppose r*m - 52 = -5*q, 2*q + 9 = -5*m + 40. Suppose -3*w = -q*w + 25. What is the units digit of w?
5
Suppose 11*i = -119 + 966. What is the units digit of i?
7
Let r(o) = 8*o**2 - 3*o - 2. Let k be r(-2). Let q = k - 26. What is the tens digit of q?
1
Suppose 0*r = 5*r - 65. What is the units digit of r?
3
Suppose -2*g + 55 + 65 = 4*z, -3*z + 68 = -4*g. Let w be 2/4 + z/8. Suppose w*v - 16 = 16. What is the units digit of v?
8
Suppose -d + 2 = -2, 3*z - 1 = 2*d. Let r be (-1 - 8/z)*6. What is the units digit of (-6)/15 + r/(-5)?
4
What is the tens digit of (-2)/((-6)/(-9)*15/(-155))?
3
Let w(v) = 10*v**2. Let s(o) = 13*o - 2. Let t be s(2). Suppose 0 = -2*y + 4*k + 18, 2*k = -4*y - t + 10. What is the units digit of w(y)?
0
Suppose 5*m - 2*z - z + 1 = 0, 3*m + 3 = z. Let r = -57 - -39. Let l = m - r. What is the tens digit of l?
1
Suppose 0 = 4*j + 8 - 24. Suppose -j*i - 1 = -3*i. Let w = 12 + i. What is the units digit of w?
1
Let k = -4 - -12. Let o = k - 2. What is the units digit of o?
6
Let a = 155 - 47. What is the tens digit of a?
0
Suppose -5*s - 2*y = -16, -2*s - 6 = -6*s - 5*y. Suppose -w + s*w - 42 = 0. What is the units digit of w?
4
What is the units digit of (-107*1/2)/(1/(-2))?
7
Suppose 2*q - 140 = 2*a, -2*q + 2*a - 304 = -6*q. What is the units digit of q?
4
Suppose 615 = 5*c - 5*p, 0*c - 2*c + p + 251 = 0. What is the units digit of c?
8
Let x(o) = o - 2. Let w be x(5). Let d(r) = 2*r**3 - 4*r**2 + 3*r. What is the tens digit of d(w)?
2
Let j(z) = z**2 - 4*z - 4. Let g be j(3). Let k = g + 9. Suppose -a - k*a = -36. What is the units digit of a?
2
Let u(w) = 2*w**2 + 10*w + 6. Let a(q) = 6*q**2 + 30*q + 18. Let s(f) = -5*a(f) + 16*u(f). Let k be s(-6). Let h = 32 - k. What is the units digit of h?
4
Let m be (-1 - -3)*5/(-2). Let h = m - -9. What is the units digit of h?
4
Let p(d) = -d**2 + 4*d + 5. Let f be p(5). Suppose 3*o - 79 = 5*k - 14, -o - 3*k + 3 = f. What is the units digit of o?
5
Let q(j) = 9*j**2 - j - 2. What is the units digit of q(2)?
2
Let f(c) = -c**3 - 5*c**2 - 3*c + 4. Let n be f(-5). Let w = n + -10. What is the units digit of (-4)/(-6)*w/6?
1
Let f = 0 + -2. What is the units digit of f - (3 + -2) - -5?
2
Suppose -5*w = -0*w + 4*s - 140, -w + 28 = s. What is the tens digit of w?
2
Suppose -3*g + 5*w = g - 59, -5*g - 3*w + 83 = 0. Let v be g/1 + (2 - 0). Suppose -2*t + 3*t - 2 = i, -5*t + 3*i + v = 0. What is the units digit of t?
6
Suppose -201 = -4*x + 215. What is the hundreds digit of x?
1
What is the units digit of ((-6)/(-4))/(3/88)?
4
Let c be 6*(-5)/10 + -3. Let o be (-23)/(-3) - 3/(-9). Let b = c + o. What is the units digit of b?
2
Suppose 4*o - 39 = 17. What is the tens digit of o?
1
Let s(r) = -r - 7. Suppose -5*v + 10 = 55. Let u be s(v). Suppose -5*a + 9 = -u*a. What is the units digit of a?
3
Let u = -1 + 9. Suppose 2*j - 4*h = -156, -4*j + 3*h = u*h + 247. What is the units digit of (-4)/(-18) + j/(-18)?
4
Let d(m) = 6*m**2 + m + 2. What is the tens digit of d(-3)?
5
What is the tens digit of (2/3)/((-2)/(-105))?
3
Let b = 3 + 83. What is the units digit of b?
6
Let f = 0 - 0. Let k be (3/1 - 0)*-2. Let v = f - k. What is the units digit of v?
6
Suppose 0 = -0*p - 4*p + 260. What is the units digit of p?
5
Suppose -2*z + 3*z + 6 = 0. Let c be (-4)/z - 188/(-6). Let f = c - 20. What is the units digit of f?
2
Suppose 0 = -6*c + c + 10. Suppose 0 = c*b - 18 + 4. Let v = b - 4. What is the units digit of v?
3
What is the units digit of (-1)/1*-177 - -1?
8
Let h be 7*5 + 4/4. Let l = h - 15. Let k = l - 9. What is the units digit of k?
2
Let k = -8 + 8. Suppose -25 = 5*t, t = -3*v - k*t - 5. What is the units digit of 1/(v + (-3)/(-9))?
3
Let w be ((-6)/(-4))/((-4)/24). Let g = w - -54. What is the tens digit of g?
4
Let l = 1 - -11. Let a = l + 17. What is the units digit of a?
9
Let x(l) = -168*l - 1. What is the hundreds digit of x(-1)?
1
Suppose v = -2 + 16. What is the tens digit of v?
1
Let l(h) = -h**3 + 6*h**2 - 5*h + 2. Let j be l(5). Suppose -4*p - 20 = -2*y - j*p, 3*p + 60 = 5*y. Suppose 2*t = -3*t + y. What is the units digit of t?
3
Suppose 0 = -5*r - 10 - 5, 5*p = -4*r + 813. What is the units digit of p?
5
Let c = 48 - 23. Suppose 1 = 2*d - c. Let z = d + 0. What is the units digit of z?
3
Suppose 2 = 3*f - 7. Let c = f - 2. Let g = 3 + c. What is the units digit of g?
4
Let f(d) = -4*d - 13. What is the units digit of f(-6)?
1
Let g(j) = -3*j - j + 7 + j. What is the units digit of g(-6)?
5
Suppose -3 = -7*k + 6*k. Suppose s + 2*f - 66 = -3*s, 3*s = k*f + 63. What is the units digit of s?
8
Let u = -206 - -250. What is the units digit of u?
4
Let y = 112 - 106. What is the units digit of y?
6
Suppose -14*k = -11*k - 36. What is the units digit of k?
2
Suppose -4*c - c - k - 20 = 0, -4*c - 2*k = 10. Let a(p) = -p - 3. Let w be a(c). What is the units digit of ((-6)/(-9))/(w/3)?
1
Let b(t) = 8 + 5*t**2 + 0*t + 2*t + 8*t - 4*t**2. What is the units digit of b(-11)?
9
Let n(d) be the second derivative of d**5/30 - d**4/8 + d**3/3 - 3*d. Let p(y) be the second derivative of n(y). What is the units digit of p(3)?
9
What is the units digit of ((-72)/(-42))/(2/161)?
8
Let q = 32 - 27. What is the units digit of q?
5
Suppose 4 = 2*o - 0. Let p = o - 0. Let n = 5 - p. What is the units digit of n?
3
Let b(m) = -m**2 - 12*m + 8. What is the units digit of b(-9)?
5
Let t(d) = -6*d**2 + 1 + 0*d**3 - 3*d**2 - d**3. Suppose -3*q - 42 = 5*p, 5*q - 2*p - 13 = -52. What is the units digit of t(q)?
1
Let h(s) = -s + 6. Let o be h(4). What is the units digit of 4*o + -2 + 3?
9
Let u(v) = 242*v**2 + 4*v - 5. What is the hundreds digit of u(1)?
2
Let z be (-1)/(3/(1 + 5)). Let o be z - 0 - (-12)/2. Suppose 15 = s + 3*q + 5, s - 4*q + o = 0. What is the units digit of s?
4
Suppose -2*b - 4 = 0, 0 - 6 = -i + b. Suppose -29 = -i*x + 91. What is the units digit of x?
0
Let j = -440 + 652. What is the tens digit of j?
1
Let u(v) = 2*v**3 - 7*v**2 + 4*v. Let m be u(4). Let j = m - 0. Suppose -3*f + s + 23 = 0, 4*f - 4*s - j = 12. What is the units digit of f?
6
Suppose -2*y - 12 = 4*d, -3*y + 3*d = y + 2. Let v(w) = -5*w + 2. What is the tens digit of v(y)?
1
Let l be ((-180)/50)/((-6)/80). Suppose 0*j - 2*j = -l. What is the units digit of j?
4
Let n = 2 + -3. Let u = n + -8. Let y = 15 + u. What is the units digit of y?
6
Suppose 0 = 2*w - 25 - 1. What is the tens digit of w?
1
Let o(v) = v**2 - 12*v + 13. Let a be o(9). Let c = 25 + a. What is the tens digit of c?
1
Let h = 1 - 0. Suppose -16*o + 9*o - 35 = 0. Let v = h - o. What is the units digit of v?
6
Suppose -3*h = y - 0 + 5, -5*y + 23 = -h. Suppose 2 = 2*q - y. What is the units digit of q?
3
Let o(c) = -c**2 + 6*c + 3. Let d(a) = a + 2. Let s = 0 - -4. Let q be d(s). What is the units digit of o(q)?
3
Let r(z) be the third derivative of z**6/24 + z**5/60 - z**4/24 + z**2. Suppose 2*h - 5 = -3*h. What is the units digit of r(h)?
5
Suppose 18 = t - 0. Suppose 4*k = 2*k + t. What is the units digit of k?
9
Let r = 14 - 